5*r + 24 = -6. What is the hundreds digit of f(r)?
1
Let j(g) = -12*g - 32. Let u = 74 - 73. Suppose -r + u = 0, -n + r - 2 - 10 = 0. What is the units digit of j(n)?
0
Let d = -145 + 148. Let h(r) = 100*r - 30. What is the tens digit of h(d)?
7
Suppose 20082 = 3*l + 3*j, -938*j = l - 936*j - 6689. What is the tens digit of l?
9
Suppose -6*h - 1 = -2*h - 3*d, 4*d - 16 = -2*h. Suppose w - 3*w = 3*g - 2, -2*w = -4*g - h. Suppose g = 9*p - 2*p - 56. What is the units digit of p?
8
Let j = 18825 + -8975. What is the units digit of j?
0
Suppose 0 = -280*v + 100*v + 6132060. What is the ten thousands digit of v?
3
Suppose 143*h + 53*h = 2787512. What is the ten thousands digit of h?
1
Let a = 91625 - 57032. What is the hundreds digit of a?
5
Let r(n) = 5089*n**2 - 36*n - 45. What is the units digit of r(-1)?
0
Suppose -7*p + 4*p = -42. Let b = p - 11. What is the tens digit of (284/(-6))/((-44)/12 + b)?
7
Let g be -13536 + ((-10)/(-15))/((-3)/18). What is the hundreds digit of 1/(67690/g - -5)?
3
Suppose -i = 3*x - 193, 0 = -2*i - x + 190 + 166. What is the tens digit of i?
7
Suppose -34*j - 451328 = -523961 - 577277. What is the tens digit of j?
1
Suppose -2*n + 201 = 113*r - 110*r, 2*r - 299 = -3*n. What is the hundreds digit of 2474/3 - (-33)/n?
8
Let q be 135/360 + (-3)/8. Suppose 5*y = -5*f - 15, -2*f + 4 + 32 = -5*y. What is the units digit of y/(((-12)/(-8))/(q - 3))?
2
Suppose y + 5*w - 9 = 0, 16 = 2*y - w - 2. Suppose -y = -s - 6. Suppose 3*x - s*h = 114, h = -3*h - 20. What is the units digit of x?
3
Suppose 0 = 8*n - 7*n + 5*q + 1656, -3*q + 8224 = -5*n. Let x = n - -2804. What is the units digit of x?
8
Let y(f) = -f**3 + 15*f**2 - 36*f - 4. Let s be y(12). What is the tens digit of ((-15)/((-150)/s))/(1/(-45))?
1
Let q be 2/(8/(-4)) - 2. Let x = 10 - q. What is the tens digit of (-4636)/(-52) + (-2)/x?
8
Let d(t) = -3*t**2 + 13*t + 4. Let g be d(12). Let p be g/(-10) + (-12)/(-15). What is the units digit of 8/p - 328/(-28)?
2
Suppose -3*q - 3*y = 171, 7*q - 3*q - 3*y + 200 = 0. Let u = q + 128. What is the units digit of u?
5
Let x = -30393 + 94489. What is the thousands digit of x?
4
Suppose 10959 = o - 2*p - 271, 5*p - 33657 = -3*o. What is the tens digit of o?
2
Suppose -7*k - 3*x = -48915, -2*x = 28*k - 27*k - 6980. What is the tens digit of k?
9
Let j = -31920 - -58544. What is the units digit of j?
4
Let t(r) be the second derivative of r**7/280 - r**6/120 + r**5/40 + 4*r**4/3 - 19*r. Let g(k) be the third derivative of t(k). What is the units digit of g(3)?
6
Let j be ((-3198)/117)/(((-1)/9)/1). Let s = j - -1559. What is the hundreds digit of s?
8
Suppose 3*r + 0*r - 16 = -4*h, 2*h + 10 = 3*r. Suppose -3*t + 1770 = 3*a, r*a = -t + 6 + 578. What is the units digit of t?
2
Let s be -70*((-1437)/15 - (1 + -2)). Let g be ((-8)/12)/(-4 - (-26536)/s). Suppose -2*w - 51 = -4*b + g, -4*b + 606 = -3*w. What is the units digit of b?
0
Let d = -261 - -6551. What is the tens digit of d?
9
Let i(q) = -5*q - 41 + 10*q**2 + 17*q + 48. What is the units digit of i(5)?
7
Suppose 0 = 2*i - 67*p + 63*p - 54658, 5*i + 2*p - 136633 = 0. What is the tens digit of i?
2
Let v = 19 + -19. Suppose -4*l + 690 = -c, 0 = -v*l - l - c + 170. Suppose 3*x = 4*a - 90 - l, 0 = 4*x + 8. What is the tens digit of a?
6
Let a(p) = -20*p + 4*p + p + 200. What is the tens digit of a(10)?
5
Let p = 4069 - -338. What is the hundreds digit of p?
4
What is the tens digit of 5892 + 14*48/(-168)?
8
Let r(d) = -3*d**2 - 47*d - 4. Let t be r(-17). Suppose 3*b = -594 + 213. Let p = t - b. What is the units digit of p?
5
Let l(h) = -h + 21. Let q be l(6). Suppose -r - 2*r = -q. Suppose 5*x = r + 15. What is the units digit of x?
4
Let k = 3 - -1. Let p be (4*25/(-30))/((-40)/(-780)). What is the units digit of 2 - p - (-5 + k)?
8
Let n = -140 - -206. Suppose -148 = -n*w + 62*w. What is the tens digit of w?
3
Let x(c) = 3*c + 68. Let l be x(-12). Suppose l*d + 2408 = 39*d. What is the hundreds digit of d?
3
What is the tens digit of -6*120/(-18)*10/(-8)*-13?
5
Let v(r) = -5 - 2*r - 15 + 120 - 3*r. What is the units digit of v(14)?
0
Let z(j) = j**3 + 57*j**2 + 2*j - 489. What is the ten thousands digit of z(-39)?
2
Let s(z) be the first derivative of 5 - 16*z**2 - z + 1/4*z**4 - 10/3*z**3. What is the units digit of s(13)?
0
Let l = -28 + 23. Let h be l/30 - 87/36*-58. What is the units digit of (1/5 - 2428/h)*-7?
0
Suppose 7*x - 1025 = 12*x. Let m = 267 + x. What is the units digit of m?
2
Suppose 726 = 27*d + 24. Suppose -27*i + d*i + 244 = 0. What is the hundreds digit of i?
2
Let j = -19 + 38. Suppose -9159 = -j*q + 1006. What is the units digit of q?
5
Suppose x + 2*b - 1509 = 0, 6*x - 5*b = 10*x - 6033. Suppose -x = -2*t - 331. What is the tens digit of t?
8
Let v = 30 + -30. Let g be (-50 + 4)/((v - 1)/2). Suppose 0 = -4*j + g + 20. What is the units digit of j?
8
Suppose -2*l = -4*m - 6644, 2*l - 3*m - 1456 - 5189 = 0. What is the thousands digit of l?
3
Let r = 13 + -8. Suppose 6*z - z = b - 177, r*b + 3*z - 857 = 0. What is the units digit of b?
2
What is the units digit of (4/6)/(304/(-7068))*-118?
9
Suppose -14*g - 21*g + 512380 = 67495. What is the tens digit of g?
1
Let z(w) be the third derivative of 2/3*w**3 - 1/12*w**4 - 14*w**2 + 0*w - 1/30*w**5 + 0 + 1/120*w**6. What is the tens digit of z(7)?
3
Suppose -28 = -4*o + 11*l - 14*l, l = 4*o - 12. Suppose -o*q + 3009 = -1715. What is the units digit of q?
1
Let q be 55385/(-114) - (-1)/(-6). Let v = -323 - q. What is the tens digit of v?
6
Let g(v) = v**3 - 12*v**2 + 9*v - 7. Let u be g(12). Suppose -u = x + 32. Let o = -23 - x. What is the tens digit of o?
1
Let b = -820 - -9644. What is the thousands digit of b?
8
Suppose -5*o - 1 = r, 0*o = 3*r - 2*o - 31. Suppose 2*v - 19 = r. What is the tens digit of (8/4 + -1)*v?
1
What is the units digit of 9*(-9264)/(-18) - (8 + 3/(-1))?
7
Let z = 113251 - 14906. What is the ten thousands digit of z?
9
Let a(l) = l**3 - 8*l**2 + 7*l - 10. Let s be (-90)/(-3) + 2 + 4 - 0. Suppose s + 21 = 5*k + 3*b, -5*k + 41 = -b. What is the tens digit of a(k)?
3
What is the thousands digit of (29165 - (-4 - 16)) + (-6 - 0)?
9
Let b = 10 + -7. Let o be 0 + -5 + b + 4. Suppose 5*d = 3*g + 30, 0*d + o*g = 3*d - 18. What is the units digit of d?
6
Suppose 4*v + 3*j = 1230, 33*v - 38*v + 1520 = -5*j. Suppose 4*y - 2*x = 1196, 2*y - 924 = -4*x - v. What is the hundreds digit of y?
3
Let d = -3 + -1. Let t(r) = -r - 21. Let a(j) = 25*j + 101. Let g(q) = -a(q) - 3*t(q). What is the units digit of g(d)?
0
Let q(f) be the first derivative of 13*f**3/3 - 61*f**2/2 + 11*f + 23. What is the tens digit of q(8)?
5
Let m = 125883 + -56157. What is the tens digit of m?
2
Let a be (-6 + 0)/(-4*(-1)/(-2)). Suppose 0 = 2*o - 6*o - z + 14, -17 = -a*o - 4*z. What is the units digit of o?
3
Suppose -5*z + 3*t + 39315 = 0, -4*t + 31981 = 4*z + 497. What is the thousands digit of z?
7
Suppose -3*m + 143 = n, 168 = 4*m + 2*n - 20. What is the units digit of -2*2 - (-3675)/(m/7)?
1
Let q = 2 + 3. Let n = 466 + -182. Suppose -q*z = -9*z + n. What is the units digit of z?
1
Let u(f) = 41*f**2 + 11*f - 3. Let h = -2 - -7. Let j be u(h). Suppose -9*p + j = 438. What is the tens digit of p?
7
Let u = 226 - 244. What is the hundreds digit of 4/u - 7528/(-18)?
4
Let y = 164 + -170. What is the hundreds digit of (y - -4) + 0 + 347?
3
Let b(u) = -u**3 - 16*u**2 - 2*u - 30. Let i = 110 + -126. Let g be b(i). Suppose -z - 3*z - 5*y + 1082 = 0, -g*z - 4*y = -538. What is the units digit of z?
3
Let k be -5*((-2)/(-25))/(5/(-25)). What is the hundreds digit of 3314*k/8 - (-39)/(-26)?
8
Let p(w) = -281*w + 182*w**2 - 1 + 283*w + 1135*w**2. What is the thousands digit of p(1)?
1
Let l = -846 + 590. What is the tens digit of ((-1)/(-4))/((-16)/l) - -761?
6
Let p(o) = -101*o + 342. What is the hundreds digit of p(-15)?
8
Suppose 4*x + x = 20. Suppose -1476 = -5*n - 3*w, x*n - 4*w = w + 1166. What is the tens digit of n?
9
Suppose -s + 5*f = -37, 0*f = 2*s - f - 29. Let n be (18/s)/(3/22). Suppose -15 - n = -h. What is the tens digit of h?
2
Let w = 2251 - 2329. Suppose -2*h = 2*n + 318, n = -n + 3*h - 328. Let a = w - n. What is the tens digit of a?
8
Suppose -4*n + f = -0*n - 1082, 2*n - 540 = f. Suppose 4*w + 2083 = n. Wha